**3 - 13*v**2 - 9*v + 46. Calculate p(-12).
10
Let k(h) = 6*h**3 - h**2 + 2*h + 2. Determine k(-1).
-7
Let r(x) = -x**3 + 33*x**2 - 30*x - 55. Determine r(32).
9
Let q(d) = 2*d - 14. Determine q(12).
10
Let b(z) = -5*z**2 - 9*z + 2. What is b(-3)?
-16
Let b(y) = 13*y - 69. What is b(5)?
-4
Let m(d) = -d**3 + 15*d**2 - 34*d - 37. Determine m(12).
-13
Let w(f) = 8*f**2 - 4*f - 1. Determine w(-2).
39
Let q(z) = z**3 + 10*z**2 + 25*z - 2. Calculate q(-6).
-8
Let q(m) = -3*m - 7. Calculate q(-9).
20
Let y(g) = 41*g**2 + g - 1. Determine y(1).
41
Let h(n) = n. Calculate h(6).
6
Let m(y) = y**3 + 6*y**2 + 5*y. Calculate m(-5).
0
Let q(k) = -3*k**3 - 2*k**2 + 3*k + 3. Calculate q(-2).
13
Let w(v) = -v**2 - v - 33. Calculate w(0).
-33
Let p(k) = -k**3 - 3*k**2 + 6*k + 5. Calculate p(-4).
-3
Let x(j) = 42*j + 168. What is x(-4)?
0
Let u(n) = -18*n + 13. What is u(1)?
-5
Let w(x) = -6*x**2 + 51*x - 7. Determine w(8).
17
Let a(z) = -z**2 + 3*z + 3. Determine a(8).
-37
Let v(p) = p**2 + 7*p + 6. Give v(-4).
-6
Let a(r) = 2*r**3 + 33*r**2 - 18*r - 11. Calculate a(-17).
6
Let c(b) = 97*b + 3. Determine c(1).
100
Let y(z) = -z**3 + 5*z**2 - 4. Determine y(5).
-4
Let w(a) = -9*a + 10. What is w(0)?
10
Let k(x) = x**3 - 32*x**2 + 90*x - 95. Determine k(29).
-8
Let v(a) = a**3 - 13*a**2 + 13*a + 2. What is v(12)?
14
Let n(f) = -2*f**2 - 21*f - 18. Give n(-7).
31
Let c(l) = -l**2 - 14*l - 29. What is c(-4)?
11
Let l(w) = 3*w**2 - 7*w - 10. Give l(4).
10
Let s(t) = -t**2 + 29*t - 21. Determine s(28).
7
Let m(h) = -16*h + 7. Determine m(-2).
39
Let v(a) = 31*a - 20. Calculate v(2).
42
Let a(l) = -2*l - 4. Calculate a(-6).
8
Let s(i) = 13*i + 22. What is s(2)?
48
Let d(x) = -3*x + 10. Determine d(-6).
28
Let j(h) = h**3 + 6*h**2 - 3*h - 13. Calculate j(-6).
5
Let u(l) = -l**3 + 11*l**2 + 10*l + 7. Give u(11).
117
Let d(x) = 7*x + 5. What is d(4)?
33
Let w(i) = -12*i - 2. Give w(2).
-26
Let u(c) = -3*c + 20. Calculate u(10).
-10
Let s(z) = z. Determine s(-6).
-6
Let h(j) = -j**3 + 9*j**2 - 11*j + 8. Give h(8).
-16
Let n(u) = -u**3 + 18*u**2 - 4*u + 62. Determine n(18).
-10
Let h(u) = -2*u**3 - 21*u**2 + 12*u - 23. Give h(-11).
-34
Let l(x) = x - 32. What is l(15)?
-17
Let v(y) = -8*y + 67. Give v(-5).
107
Let t(n) = -43*n - 5. Determine t(0).
-5
Let l(m) = -5*m**3 - 2*m**2 - 1. Give l(-2).
31
Let n(b) = -3*b + 1. Calculate n(-6).
19
Let j(c) = c**2 - 13*c + 22. Calculate j(11).
0
Let r(n) = -n**2 - 20*n - 85. What is r(-13)?
6
Let q(l) = -l**2 + 3*l + 2. Determine q(-1).
-2
Let j(v) = 2*v**2 - 7*v - 13. What is j(7)?
36
Let n(f) = f**3 + 5*f**2 - 10*f - 10. Determine n(-7).
-38
Let d(j) = j**2 - 8*j - 16. Give d(9).
-7
Let d(j) = -3*j**2. What is d(-2)?
-12
Let y(w) = w - 2. What is y(-4)?
-6
Let n(d) = -d**3 - 9*d**2 - d - 4. What is n(-9)?
5
Let w(z) = -z**3 - 6*z**2 + 7*z + 5. Calculate w(-7).
5
Let i(z) = z**2 + 21*z + 10. What is i(-16)?
-70
Let h(m) = -m**3 + 9*m**2 + 2*m - 27. Give h(9).
-9
Let h(k) = 5*k + 1. Calculate h(4).
21
Let s(h) = h**3 + 10*h**2 + 13*h - 49. What is s(-4)?
-5
Let q(p) = 2*p**3 + 10*p**2 + p. Calculate q(-4).
28
Let z(y) = -y**3 + 10*y**2 + 11*y - 15. Give z(11).
-15
Let d(x) = 17*x**2 + 323*x - 4. What is d(-19)?
-4
Let l(j) = j**3 + 9*j**2 + 4*j - 17. Determine l(-8).
15
Let n(g) = g**3 - 3*g**2 - g + 8. What is n(3)?
5
Let m(v) = 10*v**2 + 3*v + 2. What is m(-2)?
36
Let d(n) = -2*n**2 + 21*n + 45. What is d(13)?
-20
Let y(r) = -9*r**3 - r**2 - 2*r - 2. Determine y(-1).
8
Let g(a) = a**2 + 3*a + 8. What is g(4)?
36
Let q(u) = u**3 + 36*u**2 + 37*u + 75. Determine q(-35).
5
Let h(s) = 2*s**3 + 5*s**2 - 7*s + 5. Calculate h(2).
27
Let h(q) = q**2 + q - 1. Calculate h(5).
29
Let j(b) = -10*b. Calculate j(-1).
10
Let r(p) = 2*p**2 + 4*p + 4. What is r(-2)?
4
Let b(p) = p + 17. What is b(-11)?
6
Let t(j) = -7*j - 62. Give t(-7).
-13
Let h(z) = z**2 - 14*z + 1. Determine h(15).
16
Let u(h) = h**2 - 2*h + 32. What is u(0)?
32
Let x(o) = -o**3 - 17*o**2 - 16*o + 16. Calculate x(-16).
16
Let s(r) = 6*r - 37. Give s(6).
-1
Let l(q) = q**3 + q**2 - 10*q + 18. What is l(3)?
24
Let o(y) = 122*y - 490. What is o(4)?
-2
Let x(v) = -15*v - 6. Give x(-2).
24
Let u(t) = -t**3 - 7*t**2 + 13*t + 10. What is u(-7)?
-81
Let q(b) = -b + 8. Determine q(-13).
21
Let f(p) = -p**2 + 8*p + 65. What is f(-5)?
0
Let g(m) = m**2 + 26*m + 22. What is g(-25)?
-3
Let g(s) = -30*s - 1. Give g(-1).
29
Let g(z) = -z**3 + 8*z**2 + 21*z - 9. Calculate g(10).
1
Let l(y) = y**2 - 6*y - 22. Give l(8).
-6
Let b(i) = -5*i + 1. Calculate b(-9).
46
Let g(m) = m**3 - 4*m**2 - 7*m + 8. Determine g(3).
-22
Let m(v) = -18*v - 79. What is m(-5)?
11
Let u(q) = q**2 - 5*q - 10. Calculate u(5).
-10
Let s(m) = -5*m**3 - 9*m**2 - 8*m + 2. What is s(-2)?
22
Let a(d) = d**2 + 5*d - 29. What is a(-9)?
7
Let j(k) = -k - 81. Calculate j(0).
-81
Let y(n) = n**3 - 13*n**2 - 15*n + 15. What is y(14)?
1
Let h(s) = -s**3 - 7*s**2 - 3*s - 8. Determine h(-7).
13
Let s(k) = k**3 - 12*k**2 + 7*k - 30. Determine s(12).
54
Let b(w) = w**2 + 3*w - 1. Determine b(-5).
9
Let u(v) = -v**2 - 23*v + 113. Determine u(4).
5
Let g(p) = p**2 - 12*p - 6. Give g(12).
-6
Let z(w) = w**2 - 16*w + 16. Give z(13).
-23
Let t(h) = -h**2 + 25*h + 13. Give t(25).
13
Let d(w) = -w**3 - 7*w**2 - 9*w - 2. What is d(-6)?
16
Let w(a) = a**3 - 12*a**2 + 18*a + 19. What is w(10)?
-1
Let f(o) = -o**2 + 13*o + 8. What is f(6)?
50
Let r(b) = -13*b**3 - 2*b**2 + b. What is r(1)?
-14
Let l(w) = -w**2 - w + 32. What is l(0)?
32
Let r(s) = -15*s - 4. Calculate r(-3).
41
Let l(x) = x**3 - 4*x**2 + 2*x - 4. What is l(2)?
-8
Let v(l) = 10*l - 104. Determine v(13).
26
Let a(h) = h**3 + 9*h**2 + 8*h - 2. Give a(-8).
-2
Let w(f) = 2*f**2 + 3*f - 17. Determine w(-5).
18
Let c(u) = u**2 + 24*u - 12. Determine c(-25).
13
Let k(r) = 2*r**2 - 3*r + 6. What is k(0)?
6
Let j(o) = 3*o - 5. Calculate j(4).
7
Let x(o) = 2*o**3 + 9*o**2 - 7*o - 6. Calculate x(-5).
4
Let o(y) = 14*y + 17. Calculate o(-2).
-11
Let m(k) = -k**3 - 15*k**2 - 15*k + 8. Calculate m(-14).
22
Let v(f) = -f**2 + 2*f + 11. Determine v(5).
-4
Let m(y) = y**3 - 10*y**2 + 10*y - 6. Determine m(9).
3
Let g(a) = 5*a - 3. Determine g(-6).
-33
Let v(k) = 5*k + 84. Calculate v(-15).
9
Let u(w) = 9*w + 32. What is u(-5)?
-13
Let x(g) = g**2 - 19*g + 34. Calculate x(17).
0
Let j(v) = v**2 - 18*v - 72. What is j(21)?
-9
Let w(y) = y**3 + y**2 - y + 37. Determine w(0).
37
Let n(v) = -2*v**3 - 7*v**2 - 3*v - 6. What is n(-3)?
-6
Let i(v) = -v**3 - 2*v**2 + 5. What is i(0)?
5
Let c(r) = -2*r**2 + 35*r - 21. Give c(17).
-4
Let j(o) = -o**3 - 4. Determine j(3).
-31
Let y(l) = -9*l**2 - 1. What is y(1)?
-10
Let t(j) = j**2 - 11. Calculate t(4).
5
Let l(m) = m - 7. Give l(-14).
-21
Let d(v) = 108*v - 8. Calculate d(1).
100
Let c(o) = o**3 - 6*o**2 - 3*o + 8. What is c(5)?
-32
Let h(f) = -f**2 - 6*f + 7. What is h(-5)?
12
Let i(p) = p**3 + 11*p**2 + 20*p + 25. What is i(-9)?
7
Let a(t) = -13*t**2 - 2*t + 1. Determine a(3).
-122
Let q(x) = -x**3 - 9*x**2 - 17*x - 22. Determine q(-7).
-1
Let x(t) = -t**2 + 4*t + 2. Give x(4).
2
Let f(x) = x**3 - 6*x**2 - 6*x + 2. Determine f(7).
9
Let l(t) = 21*t - 14. Calculate l(-3).
-77
Let o(r) = 48*r**2 + r - 1. Calculate o(1).
48
Let r(y) = -9*y - 23. Determine r(0).
-23
Let m(g) = 20*g - 8. Determine m(-1).
-28
Let y(z) = -3*z**3 - z**2 + 3*z - 3. Calculate y(3).
-84
Let a(m) = m**3 - 3*m**2 - 5*m + 3. Calculate a(-2).
-7
Let r(c) = c**2 + 22*c + 93. Determine r(-6).
-3
Let q(r) = r + 52. Calculate q(-9).
43
Let g(a) = -2*a**3 - 8*a**2 - 2*a + 8. Determine g(-5).
68
Let k(j) = 21*j - 10. What is k(-7)?
-157
Let i(m) = 9*m**2 - 59*m + 12. Calculate i(6).
-18
Let a(y) = y - 6. What is a(-7)?
-13
Let c(s) = -2*s + 7. Give c(-5).
17
Let f(o) = o**3 - 13*o**2 + 12*o - 4. What is f(12)?
-4
Let u(g) = 2*g**2 - 6. Give u(-4).
26
Let y(k) = -21*k + 11. Give y(-3).
74
Let u(c) = c + 6. Give u(-5).
1
Let k(n) = n**3 + 16*n**2 - 20*n - 51. Determine k(-17).
0
Let q(x) = -10*x**2 + x. What is q(1)?
-9
Let y(o) = o - 6. Give y(-4).
-10
Let n(z) = z - 2. Determine n(1).
-1
Let c(j) = j**3 - 31*j**2 - j + 40. Calculate c(31).
9
Let c(w) = -w**3 + 7*w**2 - 4*w - 2. Calculate c(7).
-30
Let m(c) = c**3 - 8*c**2 + 7*c. What is m(6)?
-30
Let u(l) = 14*l**3 + 4*l**2 - 2*l - 2. G